{"id":65,"date":"2015-02-14T18:46:49","date_gmt":"2015-02-14T17:46:49","guid":{"rendered":"http:\/\/www.jinecacek.cz\/?page_id=65"},"modified":"2025-09-26T16:17:35","modified_gmt":"2025-09-26T14:17:35","slug":"stat-se-clenem","status":"publish","type":"page","link":"https:\/\/www.jinecacek.cz\/?page_id=65","title":{"rendered":"St\u00e1t se \u010dlenem"},"content":{"rendered":"<h3>\u0158\u00e1dn\u00fdm \u010dlenem spolku mohou b\u00fdt fyzick\u00e9 osoby a pr\u00e1vnick\u00e9 osoby, kter\u00e9 souhlas\u00ed se stanovami a c\u00edli sdru\u017een\u00ed, kter\u00e9 se zav\u00e1\u017e\u00ed plnit. \u0158\u00e1dn\u00e9 \u010dlenstv\u00ed vznik\u00e1 dnem p\u0159ijet\u00ed za \u010dlena a zaplacen\u00edm \u010dlensk\u00e9ho p\u0159\u00edsp\u011bvku (dosp\u011bl\u00e1 osoba 200,- K\u010d ro\u010dn\u011b). V\u00fdbor sdru\u017een\u00ed na nejbli\u017e\u0161\u00ed valn\u00e9 hromad\u011b informuje \u010dleny sdru\u017een\u00ed o nov\u00fdch \u010dlenech.<\/h3>\n<h3>P\u0159ihl\u00e1\u0161ku si m\u016f\u017eete vyzvednout v Jine\u010d\u00e1\u010dku.<br>P\u0159ed vypln\u011bn\u00edm p\u0159ihl\u00e1\u0161ky se seznamte se stanovami spolku.<br>P\u0159ihl\u00e1\u0161ku si m\u016f\u017eete vyzvednout v Jine\u010d\u00e1\u010dku.Vypln\u011bnou a podepsanou p\u0159ihl\u00e1\u0161ku doru\u010dte na <a title=\"Kontakty\" href=\"http:\/\/www.jinecacek.cz\/?page_id=4\">adresu spolku.<\/a><\/h3>\n\n\n<p><\/p>\n","protected":false},"excerpt":{"rendered":"<p>\u0158\u00e1dn\u00fdm \u010dlenem spolku mohou b\u00fdt fyzick\u00e9 osoby a pr\u00e1vnick\u00e9 osoby, kter\u00e9 souhlas\u00ed se stanovami a c\u00edli sdru\u017een\u00ed, kter\u00e9 se zav\u00e1\u017e\u00ed plnit. \u0158\u00e1dn\u00e9 \u010dlenstv\u00ed vznik\u00e1 dnem p\u0159ijet\u00ed za \u010dlena a zaplacen\u00edm \u010dlensk\u00e9ho p\u0159\u00edsp\u011bvku (dosp\u011bl\u00e1 osoba 200,- K\u010d ro\u010dn\u011b). V\u00fdbor sdru\u017een\u00ed na nejbli\u017e\u0161\u00ed valn\u00e9 hromad\u011b informuje \u010dleny sdru\u017een\u00ed o nov\u00fdch \u010dlenech. P\u0159ihl\u00e1\u0161ku si m\u016f\u017eete vyzvednout v Jine\u010d\u00e1\u010dku.P\u0159ed &hellip; <\/p>\n<p class=\"link-more\"><a href=\"https:\/\/www.jinecacek.cz\/?page_id=65\" class=\"more-link\">Pokra\u010dovat ve \u010dten\u00ed<span class=\"screen-reader-text\"> &#8222;St\u00e1t se \u010dlenem&#8220;<\/span><\/a><\/p>\n","protected":false},"author":1,"featured_media":0,"parent":0,"menu_order":0,"comment_status":"closed","ping_status":"open","template":"","meta":{"ngg_post_thumbnail":0,"footnotes":""},"class_list":["post-65","page","type-page","status-publish","hentry"],"_links":{"self":[{"href":"https:\/\/www.jinecacek.cz\/index.php?rest_route=\/wp\/v2\/pages\/65","targetHints":{"allow":["GET"]}}],"collection":[{"href":"https:\/\/www.jinecacek.cz\/index.php?rest_route=\/wp\/v2\/pages"}],"about":[{"href":"https:\/\/www.jinecacek.cz\/index.php?rest_route=\/wp\/v2\/types\/page"}],"author":[{"embeddable":true,"href":"https:\/\/www.jinecacek.cz\/index.php?rest_route=\/wp\/v2\/users\/1"}],"replies":[{"embeddable":true,"href":"https:\/\/www.jinecacek.cz\/index.php?rest_route=%2Fwp%2Fv2%2Fcomments&post=65"}],"version-history":[{"count":7,"href":"https:\/\/www.jinecacek.cz\/index.php?rest_route=\/wp\/v2\/pages\/65\/revisions"}],"predecessor-version":[{"id":435,"href":"https:\/\/www.jinecacek.cz\/index.php?rest_route=\/wp\/v2\/pages\/65\/revisions\/435"}],"wp:attachment":[{"href":"https:\/\/www.jinecacek.cz\/index.php?rest_route=%2Fwp%2Fv2%2Fmedia&parent=65"}],"curies":[{"name":"wp","href":"https:\/\/api.w.org\/{rel}","templated":true}]}}