{"id":52,"date":"2015-02-14T18:03:36","date_gmt":"2015-02-14T17:03:36","guid":{"rendered":"http:\/\/www.jinecacek.cz\/?page_id=52"},"modified":"2025-09-22T13:34:15","modified_gmt":"2025-09-22T11:34:15","slug":"oteviraci-doba","status":"publish","type":"page","link":"https:\/\/www.jinecacek.cz\/?page_id=52","title":{"rendered":"Otev\u00edrac\u00ed doba"},"content":{"rendered":"<h3>Herna je otev\u0159ena ka\u017edou <strong>st\u0159edu od 9:00 &#8211; 12:00<\/strong>.&nbsp;<br \/>\nPro aktu\u00e1ln\u00ed informace sledujete <a href=\"https:\/\/www.facebook.com\/profile.php?id=100069057317733\">facebook Jine\u010d\u00e1\u010dku<\/a>, kam d\u00e1v\u00e1me jestli je herna zav\u0159en\u00e1 (v p\u0159\u00edpad\u011b nemoci) nebo \u017ee zrovna vyr\u00e1\u017e\u00edme na proch\u00e1zku (kdy\u017e je kr\u00e1sn\u00e9 po\u010das\u00ed).<\/p>\n<p>Po domluv\u011b m\u016f\u017eeme otev\u0159\u00edt herni\u010dku i jin\u00fd den.<\/p>\n<p>Nen\u00ed t\u0159eba se dop\u0159edu objedn\u00e1vat. Je nutn\u00e9 m\u00edt pro d\u011bti s sebou p\u0159ez\u016fvky.<\/h3>\n<p>&nbsp;<\/p>\n<p>&nbsp;<\/p>\n","protected":false},"excerpt":{"rendered":"<p>Herna je otev\u0159ena ka\u017edou st\u0159edu od 9:00 &#8211; 12:00.&nbsp; Pro aktu\u00e1ln\u00ed informace sledujete facebook Jine\u010d\u00e1\u010dku, kam d\u00e1v\u00e1me jestli je herna zav\u0159en\u00e1 (v p\u0159\u00edpad\u011b nemoci) nebo \u017ee zrovna vyr\u00e1\u017e\u00edme na proch\u00e1zku (kdy\u017e je kr\u00e1sn\u00e9 po\u010das\u00ed). Po domluv\u011b m\u016f\u017eeme otev\u0159\u00edt herni\u010dku i jin\u00fd den. Nen\u00ed t\u0159eba se dop\u0159edu objedn\u00e1vat. Je nutn\u00e9 m\u00edt pro d\u011bti s sebou p\u0159ez\u016fvky. &hellip; <\/p>\n<p class=\"link-more\"><a href=\"https:\/\/www.jinecacek.cz\/?page_id=52\" class=\"more-link\">Pokra\u010dovat ve \u010dten\u00ed<span class=\"screen-reader-text\"> &#8222;Otev\u00edrac\u00ed doba&#8220;<\/span><\/a><\/p>\n","protected":false},"author":1,"featured_media":0,"parent":0,"menu_order":0,"comment_status":"closed","ping_status":"open","template":"","meta":{"ngg_post_thumbnail":0,"footnotes":""},"class_list":["post-52","page","type-page","status-publish","hentry"],"_links":{"self":[{"href":"https:\/\/www.jinecacek.cz\/index.php?rest_route=\/wp\/v2\/pages\/52","targetHints":{"allow":["GET"]}}],"collection":[{"href":"https:\/\/www.jinecacek.cz\/index.php?rest_route=\/wp\/v2\/pages"}],"about":[{"href":"https:\/\/www.jinecacek.cz\/index.php?rest_route=\/wp\/v2\/types\/page"}],"author":[{"embeddable":true,"href":"https:\/\/www.jinecacek.cz\/index.php?rest_route=\/wp\/v2\/users\/1"}],"replies":[{"embeddable":true,"href":"https:\/\/www.jinecacek.cz\/index.php?rest_route=%2Fwp%2Fv2%2Fcomments&post=52"}],"version-history":[{"count":6,"href":"https:\/\/www.jinecacek.cz\/index.php?rest_route=\/wp\/v2\/pages\/52\/revisions"}],"predecessor-version":[{"id":429,"href":"https:\/\/www.jinecacek.cz\/index.php?rest_route=\/wp\/v2\/pages\/52\/revisions\/429"}],"wp:attachment":[{"href":"https:\/\/www.jinecacek.cz\/index.php?rest_route=%2Fwp%2Fv2%2Fmedia&parent=52"}],"curies":[{"name":"wp","href":"https:\/\/api.w.org\/{rel}","templated":true}]}}