{"id":41,"date":"2015-02-14T17:38:47","date_gmt":"2015-02-14T16:38:47","guid":{"rendered":"http:\/\/www.jinecacek.cz\/?page_id=41"},"modified":"2025-09-19T16:49:20","modified_gmt":"2025-09-19T14:49:20","slug":"herna","status":"publish","type":"page","link":"https:\/\/www.jinecacek.cz\/?page_id=41","title":{"rendered":"Herna"},"content":{"rendered":"<p>Jine\u010d\u00e1\u010dek provozuje hernu, kter\u00e1 se nach\u00e1z\u00ed v p\u0159\u00edzem\u00ed budovy Spole\u010densk\u00e9ho centra Josefa Slav\u00edka.Jine\u010d\u00e1\u010dek je ur\u010den pro d\u011bti od 0 do 6 let a jejich dosp\u011bl\u00fd doprovod. Po dohod\u011b je mo\u017en\u00fd vstup i star\u0161\u00edho d\u00edt\u011bte. Jsme pot\u011b\u0161eni, kdy\u017e n\u00e1s p\u0159ijdou nav\u0161t\u00edvit i nast\u00e1vaj\u00edc\u00ed rodi\u010de. N\u00e1v\u0161t\u011bvu nen\u00ed t\u0159eba hl\u00e1sit p\u0159edem.<\/p>\n<p>N\u00e1v\u0161t\u011bvn\u00edk\u016fm je k&nbsp;dispozici herna a toalety. Herna je vybavena hra\u010dkami, kn\u00ed\u017ekami, didaktick\u00fdmi prvky, stavebnicemi, skluzavkou, relaxa\u010dn\u00edm baz\u00e9nkem s&nbsp;m\u00ed\u010dky a dal\u0161\u00edmi pom\u016fckami pro rozvoj nejmen\u0161\u00edch d\u011bt\u00ed. K&nbsp;dispozici je rychlovarn\u00e1 konvice, mikrovlnn\u00e1 trouba, j\u00eddeln\u00ed \u017eidli\u010dky, p\u0159ebalovac\u00ed pult a no\u010dn\u00edk.<\/p>\n","protected":false},"excerpt":{"rendered":"<p>Jine\u010d\u00e1\u010dek provozuje hernu, kter\u00e1 se nach\u00e1z\u00ed v p\u0159\u00edzem\u00ed budovy Spole\u010densk\u00e9ho centra Josefa Slav\u00edka.Jine\u010d\u00e1\u010dek je ur\u010den pro d\u011bti od 0 do 6 let a jejich dosp\u011bl\u00fd doprovod. Po dohod\u011b je mo\u017en\u00fd vstup i star\u0161\u00edho d\u00edt\u011bte. Jsme pot\u011b\u0161eni, kdy\u017e n\u00e1s p\u0159ijdou nav\u0161t\u00edvit i nast\u00e1vaj\u00edc\u00ed rodi\u010de. N\u00e1v\u0161t\u011bvu nen\u00ed t\u0159eba hl\u00e1sit p\u0159edem. N\u00e1v\u0161t\u011bvn\u00edk\u016fm je k&nbsp;dispozici herna a toalety. Herna &hellip; <\/p>\n<p class=\"link-more\"><a href=\"https:\/\/www.jinecacek.cz\/?page_id=41\" class=\"more-link\">Pokra\u010dovat ve \u010dten\u00ed<span class=\"screen-reader-text\"> &#8222;Herna&#8220;<\/span><\/a><\/p>\n","protected":false},"author":1,"featured_media":0,"parent":0,"menu_order":0,"comment_status":"closed","ping_status":"open","template":"","meta":{"ngg_post_thumbnail":0,"footnotes":""},"class_list":["post-41","page","type-page","status-publish","hentry"],"_links":{"self":[{"href":"https:\/\/www.jinecacek.cz\/index.php?rest_route=\/wp\/v2\/pages\/41","targetHints":{"allow":["GET"]}}],"collection":[{"href":"https:\/\/www.jinecacek.cz\/index.php?rest_route=\/wp\/v2\/pages"}],"about":[{"href":"https:\/\/www.jinecacek.cz\/index.php?rest_route=\/wp\/v2\/types\/page"}],"author":[{"embeddable":true,"href":"https:\/\/www.jinecacek.cz\/index.php?rest_route=\/wp\/v2\/users\/1"}],"replies":[{"embeddable":true,"href":"https:\/\/www.jinecacek.cz\/index.php?rest_route=%2Fwp%2Fv2%2Fcomments&post=41"}],"version-history":[{"count":5,"href":"https:\/\/www.jinecacek.cz\/index.php?rest_route=\/wp\/v2\/pages\/41\/revisions"}],"predecessor-version":[{"id":410,"href":"https:\/\/www.jinecacek.cz\/index.php?rest_route=\/wp\/v2\/pages\/41\/revisions\/410"}],"wp:attachment":[{"href":"https:\/\/www.jinecacek.cz\/index.php?rest_route=%2Fwp%2Fv2%2Fmedia&parent=41"}],"curies":[{"name":"wp","href":"https:\/\/api.w.org\/{rel}","templated":true}]}}